{"id":2346,"date":"2023-04-30T16:23:18","date_gmt":"2023-04-30T16:23:18","guid":{"rendered":"https:\/\/2023.levantefor.it\/?page_id=2346"},"modified":"2023-05-19T17:21:46","modified_gmt":"2023-05-19T17:21:46","slug":"biglietteria","status":"publish","type":"page","link":"https:\/\/2023.levantefor.it\/?page_id=2346","title":{"rendered":"Biglietteria"},"content":{"rendered":"<section class=\"wpb-content-wrapper\">[vc_row evenz_container=&#8221;2&#8243; full_width=&#8221;stretch_row_content&#8221;][vc_column]\t\t<div>\n\t\t\t<h4  class=\"evenz-element-caption evenz-caption  evenz-caption__m  \" data-qtwaypoints-offset=\"30\" data-qtwaypoints>\t\t\t\t<span>Biglietti<\/span>\n\t\t\t\t<\/h4>\t\t<\/div>\n\t\t\t\t\t<hr class=\"evenz-spacer-m\">\n\t\t[vc_column_text]Per accedere all&#8217;evento sar\u00e0 necessario acquistare un biglietto di ingresso. Per garantire un accesso pi\u00f9 rapido alla fiera e per evitare le code sar\u00e0 possibile acquistare online il biglietto sul sito VivaTicket.<\/p>\n<p><em><strong>I biglietti acquistati in prevendita, riportano il nome dell&#8217;acquirente per ragioni legate alla piattaforma vivaticket, <span style=\"color: #ff0000;\">il biglietto NON E&#8217; NOMINALE.<\/span><\/strong><\/em><\/p>\n<p>Per accedere a LevanteFor sono stati previsti i seguenti tipi di biglietto<\/p>\n<ul>\n<li>Intero 1 giorno: 12\u20ac<\/li>\n<li>Intero 2 giorni: 20\u20ac<\/li>\n<li>Ridotto 1 giorno: 8\u20ac (valido solo per bambini dai 7 ai 13 anni)<\/li>\n<li>Ridotto 2 giorni: 15\u20ac (valido solo per bambini dai 7 ai 13 anni)<\/li>\n<li>Ridotto ExpoLevante 1 giorno: 10\u20ac (Per coloro i quali han ricevuto la cartolina con codice sconto monouso)<\/li>\n<\/ul>\n<p>A questi biglietti &#8220;standard&#8221; che potranno essere acquistati online si aggiungono altre tipologie di accesso a prezzo ridotto che potranno per\u00f2 essere riscattati solo alle biglietterie e non online.<\/p>\n<ul>\n<li>Ridotto Cosplayer 1 giorno: 10\u20ac<\/li>\n<li>Portatore di Handicap: 0\u20ac<\/li>\n<li>Omaggio Accompagnatore: 0\u20ac (valido per accompagnatore di portatore di handicap, un ridotto per ogni portatore di handicap)<\/li>\n<li>Bambini 0-6: 0\u20ac<\/li>\n<\/ul>\n<p>Nel caso di qualsiasi biglietto ridotto la biglietteria \u00e8 autorizzata a chiedere documenti comprovanti il diritto all&#8217;ingresso ridotto.<\/p>\n<p>Per i Cosplayer, sar\u00e0 necessario rispettare <a href=\"#cosp\">queste<\/a> linee guida per aver diritto al biglietto scontato, sar\u00e0 inoltre necessario aderire al <a href=\"https:\/\/2023.levantefor.it\/regolamento-armi-e-props\/\">Regolamento Armi<\/a> per poter accedere all&#8217;evento in sicurezza.<\/p>\n<p>La biglietteria si riserva la possibilit\u00e0 di negare il biglietto ridotto qualora non siano raggiunti i requisiti minimi per l&#8217;accesso scontato.[\/vc_column_text]\t\t\t<hr class=\"evenz-spacer-m\">\n\t\t[vc_btn title=&#8221;Acquista Online&#8221; color=&#8221;danger&#8221; size=&#8221;lg&#8221; align=&#8221;center&#8221; i_icon_fontawesome=&#8221;fas fa-ticket-alt&#8221; button_block=&#8221;true&#8221; add_icon=&#8221;true&#8221; link=&#8221;url:https%3A%2F%2Fbre.ve.it%2Fticketlevantefor23&#8243;][\/vc_column][\/vc_row][vc_row evenz_container=&#8221;2&#8243; full_width=&#8221;stretch_row_content&#8221; el_id=&#8221;cosp&#8221;][vc_column]\t\t\t<hr class=\"evenz-spacer-m\">\n\t\t\t\t<div>\n\t\t\t<h4  class=\"evenz-element-caption evenz-caption  evenz-caption__m  \" data-qtwaypoints-offset=\"30\" data-qtwaypoints>\t\t\t\t<span>Linee guida per i Cosplayer<\/span>\n\t\t\t\t<\/h4>\t\t<\/div>\n\t\t[vc_column_text]I cosplayer possono accedere al Levante For con uno speciale biglietto ridotto a \u20ac10 acquistabile solo in cassa il giorno dell&#8217;evento.<\/p>\n<p>Il codice coupon sconto riservato ai soli cosplayer, valido per un solo biglietto giornaliero, sar\u00e0 disponibile solo per coloro che si presenteranno in biglietteria in cosplay o che mostreranno il costume in zaino\/borsa\/busta.<\/p>\n<p>Attenzione: per ottenere il biglietto RIDOTTO COSPLAY all\u2019ingresso sar\u00e0 obbligatorio mostrare la reference del personaggio, o in caso di cosplay originali, la complessit\u00e0 del costume deve essere tale da giustificare l&#8217;accesso al prezzo ridotto.<br \/>\nPertanto non saranno considerati validi: cartelli, maschere, singoli accessori o parrucche e kigurumi\/pigiamoni.<br \/>\nNel caso in cui il costume non venga ritenuto idoneo al momento dell&#8217;ingresso, sar\u00e0 comunque possibile accedere all&#8217;evento acquistando il biglietto giornaliero a tariffa intera.<\/p>\n<p>Ribadiamo infine che il suddetto biglietto consente solo l&#8217;ingresso per il singolo giorno. L&#8217;offerta non \u00e8 cumulabile con altre promozioni\/sconti e non \u00e8 possibile richiedere abbonamenti a tariffa ridotta dedicati ai cosplayer.[\/vc_column_text]\t\t\t<hr class=\"evenz-spacer-m\">\n\t\t\t\t<div>\n\t\t\t<h4  class=\"evenz-element-caption evenz-caption  evenz-caption__m  \" data-qtwaypoints-offset=\"30\" data-qtwaypoints>\t\t\t\t<span>Biglietteria<\/span>\n\t\t\t\t<\/h4>\t\t<\/div>\n\t\t\t\t\t<hr class=\"evenz-spacer-s\">\n\t\t[vc_column_text]L&#8217;accesso all&#8217;evento LevanteFor sar\u00e0 possibile solo tramite la Biglietteria collocata presso l&#8217;Ingresso Agricoltura della Nuova Fiera del Levante<\/p>\n<div class=\"su-gmap su-u-responsive-media-yes\"><iframe loading=\"lazy\" width=\"600\" height=\"400\" src=\"\/\/maps.google.com\/maps?q=Fiera%20del%20Levante%20-%20Ingresso%20Aagricoltura&amp;output=embed\" title=\"\"><\/iframe><\/div>\n[\/vc_column_text]\t\t\t<hr class=\"evenz-spacer-m\">\n\t\t[vc_btn title=&#8221;Google Maps&#8221; color=&#8221;success&#8221; size=&#8221;lg&#8221; align=&#8221;right&#8221; i_icon_fontawesome=&#8221;fas fa-car&#8221; add_icon=&#8221;true&#8221; link=&#8221;url:https%3A%2F%2Fgoo.gl%2Fmaps%2FFZnpshBsKyvqrXKk8&#8243;][\/vc_column][\/vc_row]\n<\/section>","protected":false},"excerpt":{"rendered":"<p>[vc_row evenz_container=&#8221;2&#8243; full_width=&#8221;stretch_row_content&#8221;][vc_column][vc_column_text]Per accedere all&#8217;evento sar\u00e0 necessario acquistare un biglietto di ingresso. Per garantire un accesso pi\u00f9 rapido alla fiera e per evitare le code sar\u00e0 possibile acquistare online il biglietto sul sito VivaTicket. I biglietti acquistati in prevendita, riportano il nome dell&#8217;acquirente per ragioni legate alla piattaforma vivaticket, il ...<\/p>\n","protected":false},"author":1,"featured_media":1918,"parent":0,"menu_order":0,"comment_status":"closed","ping_status":"closed","template":"","meta":{"footnotes":""},"yoast_head":"<!-- This site is optimized with the Yoast SEO plugin v21.8.1 - https:\/\/yoast.com\/wordpress\/plugins\/seo\/ -->\n<title>Biglietteria - LevanteFor - Comics Games Cosplay and Fun!<\/title>\n<meta name=\"robots\" content=\"index, follow, max-snippet:-1, max-image-preview:large, max-video-preview:-1\" \/>\n<link rel=\"canonical\" href=\"https:\/\/2023.levantefor.it\/?page_id=2346\" \/>\n<meta property=\"og:locale\" content=\"it_IT\" \/>\n<meta property=\"og:type\" content=\"article\" \/>\n<meta property=\"og:title\" content=\"Biglietteria - LevanteFor - Comics Games Cosplay and Fun!\" \/>\n<meta property=\"og:description\" content=\"[vc_row evenz_container=&#8221;2&#8243; full_width=&#8221;stretch_row_content&#8221;][vc_column][vc_column_text]Per accedere all&#8217;evento sar\u00e0 necessario acquistare un biglietto di ingresso. Per garantire un accesso pi\u00f9 rapido alla fiera e per evitare le code sar\u00e0 possibile acquistare online il biglietto sul sito VivaTicket. I biglietti acquistati in prevendita, riportano il nome dell&#8217;acquirente per ragioni legate alla piattaforma vivaticket, il [...]\" \/>\n<meta property=\"og:url\" content=\"https:\/\/2023.levantefor.it\/?page_id=2346\" \/>\n<meta property=\"og:site_name\" content=\"LevanteFor - Comics Games Cosplay and Fun!\" \/>\n<meta property=\"article:modified_time\" content=\"2023-05-19T17:21:46+00:00\" \/>\n<meta property=\"og:image\" content=\"https:\/\/2023.levantefor.it\/wp-content\/uploads\/2023\/04\/Sfondi_Scuri_Tavola-disegno-1-Copia-2-scaled.jpg\" \/>\n\t<meta property=\"og:image:width\" content=\"2560\" \/>\n\t<meta property=\"og:image:height\" content=\"1440\" \/>\n\t<meta property=\"og:image:type\" content=\"image\/jpeg\" \/>\n<meta name=\"twitter:card\" content=\"summary_large_image\" \/>\n<meta name=\"twitter:label1\" content=\"Tempo di lettura stimato\" \/>\n\t<meta name=\"twitter:data1\" content=\"3 minuti\" \/>\n<script type=\"application\/ld+json\" class=\"yoast-schema-graph\">{\"@context\":\"https:\/\/schema.org\",\"@graph\":[{\"@type\":\"WebPage\",\"@id\":\"https:\/\/2023.levantefor.it\/?page_id=2346\",\"url\":\"https:\/\/2023.levantefor.it\/?page_id=2346\",\"name\":\"Biglietteria - LevanteFor - Comics Games Cosplay and Fun!\",\"isPartOf\":{\"@id\":\"https:\/\/2023.levantefor.it\/#website\"},\"datePublished\":\"2023-04-30T16:23:18+00:00\",\"dateModified\":\"2023-05-19T17:21:46+00:00\",\"breadcrumb\":{\"@id\":\"https:\/\/2023.levantefor.it\/?page_id=2346#breadcrumb\"},\"inLanguage\":\"it-IT\",\"potentialAction\":[{\"@type\":\"ReadAction\",\"target\":[\"https:\/\/2023.levantefor.it\/?page_id=2346\"]}]},{\"@type\":\"BreadcrumbList\",\"@id\":\"https:\/\/2023.levantefor.it\/?page_id=2346#breadcrumb\",\"itemListElement\":[{\"@type\":\"ListItem\",\"position\":1,\"name\":\"Home\",\"item\":\"https:\/\/2023.levantefor.it\/\"},{\"@type\":\"ListItem\",\"position\":2,\"name\":\"Biglietteria\"}]},{\"@type\":\"WebSite\",\"@id\":\"https:\/\/2023.levantefor.it\/#website\",\"url\":\"https:\/\/2023.levantefor.it\/\",\"name\":\"LevanteFor - Comics Games Cosplay and Fun!\",\"description\":\"27 - 28 Maggio 2023 @ Nuova Fiera del Levante - Bari\",\"potentialAction\":[{\"@type\":\"SearchAction\",\"target\":{\"@type\":\"EntryPoint\",\"urlTemplate\":\"https:\/\/2023.levantefor.it\/?s={search_term_string}\"},\"query-input\":\"required name=search_term_string\"}],\"inLanguage\":\"it-IT\"}]}<\/script>\n<!-- \/ Yoast SEO plugin. -->","yoast_head_json":{"title":"Biglietteria - LevanteFor - Comics Games Cosplay and Fun!","robots":{"index":"index","follow":"follow","max-snippet":"max-snippet:-1","max-image-preview":"max-image-preview:large","max-video-preview":"max-video-preview:-1"},"canonical":"https:\/\/2023.levantefor.it\/?page_id=2346","og_locale":"it_IT","og_type":"article","og_title":"Biglietteria - LevanteFor - Comics Games Cosplay and Fun!","og_description":"[vc_row evenz_container=&#8221;2&#8243; full_width=&#8221;stretch_row_content&#8221;][vc_column][vc_column_text]Per accedere all&#8217;evento sar\u00e0 necessario acquistare un biglietto di ingresso. Per garantire un accesso pi\u00f9 rapido alla fiera e per evitare le code sar\u00e0 possibile acquistare online il biglietto sul sito VivaTicket. I biglietti acquistati in prevendita, riportano il nome dell&#8217;acquirente per ragioni legate alla piattaforma vivaticket, il [...]","og_url":"https:\/\/2023.levantefor.it\/?page_id=2346","og_site_name":"LevanteFor - Comics Games Cosplay and Fun!","article_modified_time":"2023-05-19T17:21:46+00:00","og_image":[{"width":2560,"height":1440,"url":"https:\/\/2023.levantefor.it\/wp-content\/uploads\/2023\/04\/Sfondi_Scuri_Tavola-disegno-1-Copia-2-scaled.jpg","type":"image\/jpeg"}],"twitter_card":"summary_large_image","twitter_misc":{"Tempo di lettura stimato":"3 minuti"},"schema":{"@context":"https:\/\/schema.org","@graph":[{"@type":"WebPage","@id":"https:\/\/2023.levantefor.it\/?page_id=2346","url":"https:\/\/2023.levantefor.it\/?page_id=2346","name":"Biglietteria - LevanteFor - Comics Games Cosplay and Fun!","isPartOf":{"@id":"https:\/\/2023.levantefor.it\/#website"},"datePublished":"2023-04-30T16:23:18+00:00","dateModified":"2023-05-19T17:21:46+00:00","breadcrumb":{"@id":"https:\/\/2023.levantefor.it\/?page_id=2346#breadcrumb"},"inLanguage":"it-IT","potentialAction":[{"@type":"ReadAction","target":["https:\/\/2023.levantefor.it\/?page_id=2346"]}]},{"@type":"BreadcrumbList","@id":"https:\/\/2023.levantefor.it\/?page_id=2346#breadcrumb","itemListElement":[{"@type":"ListItem","position":1,"name":"Home","item":"https:\/\/2023.levantefor.it\/"},{"@type":"ListItem","position":2,"name":"Biglietteria"}]},{"@type":"WebSite","@id":"https:\/\/2023.levantefor.it\/#website","url":"https:\/\/2023.levantefor.it\/","name":"LevanteFor - Comics Games Cosplay and Fun!","description":"27 - 28 Maggio 2023 @ Nuova Fiera del Levante - Bari","potentialAction":[{"@type":"SearchAction","target":{"@type":"EntryPoint","urlTemplate":"https:\/\/2023.levantefor.it\/?s={search_term_string}"},"query-input":"required name=search_term_string"}],"inLanguage":"it-IT"}]}},"_links":{"self":[{"href":"https:\/\/2023.levantefor.it\/index.php?rest_route=\/wp\/v2\/pages\/2346"}],"collection":[{"href":"https:\/\/2023.levantefor.it\/index.php?rest_route=\/wp\/v2\/pages"}],"about":[{"href":"https:\/\/2023.levantefor.it\/index.php?rest_route=\/wp\/v2\/types\/page"}],"author":[{"embeddable":true,"href":"https:\/\/2023.levantefor.it\/index.php?rest_route=\/wp\/v2\/users\/1"}],"replies":[{"embeddable":true,"href":"https:\/\/2023.levantefor.it\/index.php?rest_route=%2Fwp%2Fv2%2Fcomments&post=2346"}],"version-history":[{"count":20,"href":"https:\/\/2023.levantefor.it\/index.php?rest_route=\/wp\/v2\/pages\/2346\/revisions"}],"predecessor-version":[{"id":3249,"href":"https:\/\/2023.levantefor.it\/index.php?rest_route=\/wp\/v2\/pages\/2346\/revisions\/3249"}],"wp:featuredmedia":[{"embeddable":true,"href":"https:\/\/2023.levantefor.it\/index.php?rest_route=\/wp\/v2\/media\/1918"}],"wp:attachment":[{"href":"https:\/\/2023.levantefor.it\/index.php?rest_route=%2Fwp%2Fv2%2Fmedia&parent=2346"}],"curies":[{"name":"wp","href":"https:\/\/api.w.org\/{rel}","templated":true}]}}